{"id":106,"date":"2025-05-14T12:55:04","date_gmt":"2025-05-14T12:55:04","guid":{"rendered":"http:\/\/rapport.acl.lu\/2024\/?page_id=106"},"modified":"2025-06-17T09:59:18","modified_gmt":"2025-06-17T09:59:18","slug":"faits-marquants-chiffres-cles","status":"publish","type":"page","link":"https:\/\/rapport.acl.lu\/2024\/faits-marquants-chiffres-cles\/","title":{"rendered":"Faits marquants &amp; | chiffres cl\u00e9s"},"content":{"rendered":"<p>L\u2019ACL est partenaire d\u2019ARC Europe, r\u00e9seau d\u2019assistance routi\u00e8re constitu\u00e9 de plus de 40 grands clubs automobiles europ\u00e9ens et de la F\u00e9d\u00e9ration Internationale de l\u2019Automobile (FIA), qui s\u2019engage au niveau mondial dans les domaines sportifs, de la mobilit\u00e9, de la durabilit\u00e9 et de la s\u00e9curit\u00e9 routi\u00e8re.<\/p>\n","protected":false},"excerpt":{"rendered":"<p>L\u2019ACL est partenaire d\u2019ARC Europe, r\u00e9seau d\u2019assistance routi\u00e8re constitu\u00e9 de plus de 40 grands clubs automobiles europ\u00e9ens et de la F\u00e9d\u00e9ration Internationale de l\u2019Automobile (FIA), qui s\u2019engage au niveau mondial dans les domaines sportifs, de la mobilit\u00e9, de la durabilit\u00e9 et de la s\u00e9curit\u00e9 routi\u00e8re.<\/p>\n","protected":false},"author":1,"featured_media":778,"parent":0,"menu_order":0,"comment_status":"closed","ping_status":"closed","template":"","meta":{"_acf_changed":false,"footnotes":""},"class_list":["post-106","page","type-page","status-publish","has-post-thumbnail","hentry"],"acf":[],"yoast_head":"<!-- This site is optimized with the Yoast SEO plugin v27.5 - https:\/\/yoast.com\/product\/yoast-seo-wordpress\/ -->\n<title>Faits marquants &amp; | chiffres cl\u00e9s - Rapport annuel 2024<\/title>\n<meta name=\"robots\" content=\"index, follow, max-snippet:-1, max-image-preview:large, max-video-preview:-1\" \/>\n<link rel=\"canonical\" href=\"https:\/\/rapport.acl.lu\/2024\/faits-marquants-chiffres-cles\/\" \/>\n<meta property=\"og:locale\" content=\"en_US\" \/>\n<meta property=\"og:type\" content=\"article\" \/>\n<meta property=\"og:title\" content=\"Faits marquants &amp; | chiffres cl\u00e9s - Rapport annuel 2024\" \/>\n<meta property=\"og:description\" content=\"L\u2019ACL est partenaire d\u2019ARC Europe, r\u00e9seau d\u2019assistance routi\u00e8re constitu\u00e9 de plus de 40 grands clubs automobiles europ\u00e9ens et de la F\u00e9d\u00e9ration Internationale de l\u2019Automobile (FIA), qui s\u2019engage au niveau mondial dans les domaines sportifs, de la mobilit\u00e9, de la durabilit\u00e9 et de la s\u00e9curit\u00e9 routi\u00e8re.\" \/>\n<meta property=\"og:url\" content=\"https:\/\/rapport.acl.lu\/2024\/faits-marquants-chiffres-cles\/\" \/>\n<meta property=\"og:site_name\" content=\"Rapport annuel 2024\" \/>\n<meta property=\"article:modified_time\" content=\"2025-06-17T09:59:18+00:00\" \/>\n<meta property=\"og:image\" content=\"https:\/\/rapport.acl.lu\/2024\/wp-content\/uploads\/sites\/3\/2025\/06\/interventions.webp\" \/>\n\t<meta property=\"og:image:width\" content=\"1920\" \/>\n\t<meta property=\"og:image:height\" content=\"761\" \/>\n\t<meta property=\"og:image:type\" content=\"image\/webp\" \/>\n<meta name=\"twitter:card\" content=\"summary_large_image\" \/>\n<script type=\"application\/ld+json\" class=\"yoast-schema-graph\">{\"@context\":\"https:\\\/\\\/schema.org\",\"@graph\":[{\"@type\":\"WebPage\",\"@id\":\"https:\\\/\\\/rapport.acl.lu\\\/2024\\\/faits-marquants-chiffres-cles\\\/\",\"url\":\"https:\\\/\\\/rapport.acl.lu\\\/2024\\\/faits-marquants-chiffres-cles\\\/\",\"name\":\"Faits marquants &amp; | chiffres cl\u00e9s - Rapport annuel 2024\",\"isPartOf\":{\"@id\":\"https:\\\/\\\/rapport.acl.lu\\\/2024\\\/#website\"},\"primaryImageOfPage\":{\"@id\":\"https:\\\/\\\/rapport.acl.lu\\\/2024\\\/faits-marquants-chiffres-cles\\\/#primaryimage\"},\"image\":{\"@id\":\"https:\\\/\\\/rapport.acl.lu\\\/2024\\\/faits-marquants-chiffres-cles\\\/#primaryimage\"},\"thumbnailUrl\":\"https:\\\/\\\/rapport.acl.lu\\\/2024\\\/wp-content\\\/uploads\\\/sites\\\/3\\\/2025\\\/06\\\/interventions.webp\",\"datePublished\":\"2025-05-14T12:55:04+00:00\",\"dateModified\":\"2025-06-17T09:59:18+00:00\",\"breadcrumb\":{\"@id\":\"https:\\\/\\\/rapport.acl.lu\\\/2024\\\/faits-marquants-chiffres-cles\\\/#breadcrumb\"},\"inLanguage\":\"en-US\",\"potentialAction\":[{\"@type\":\"ReadAction\",\"target\":[\"https:\\\/\\\/rapport.acl.lu\\\/2024\\\/faits-marquants-chiffres-cles\\\/\"]}]},{\"@type\":\"ImageObject\",\"inLanguage\":\"en-US\",\"@id\":\"https:\\\/\\\/rapport.acl.lu\\\/2024\\\/faits-marquants-chiffres-cles\\\/#primaryimage\",\"url\":\"https:\\\/\\\/rapport.acl.lu\\\/2024\\\/wp-content\\\/uploads\\\/sites\\\/3\\\/2025\\\/06\\\/interventions.webp\",\"contentUrl\":\"https:\\\/\\\/rapport.acl.lu\\\/2024\\\/wp-content\\\/uploads\\\/sites\\\/3\\\/2025\\\/06\\\/interventions.webp\",\"width\":1920,\"height\":761},{\"@type\":\"BreadcrumbList\",\"@id\":\"https:\\\/\\\/rapport.acl.lu\\\/2024\\\/faits-marquants-chiffres-cles\\\/#breadcrumb\",\"itemListElement\":[{\"@type\":\"ListItem\",\"position\":1,\"name\":\"Home\",\"item\":\"https:\\\/\\\/rapport.acl.lu\\\/2024\\\/\"},{\"@type\":\"ListItem\",\"position\":2,\"name\":\"Faits marquants &amp; | chiffres cl\u00e9s\"}]},{\"@type\":\"WebSite\",\"@id\":\"https:\\\/\\\/rapport.acl.lu\\\/2024\\\/#website\",\"url\":\"https:\\\/\\\/rapport.acl.lu\\\/2024\\\/\",\"name\":\"Rapport annuel 2024\",\"description\":\"\",\"potentialAction\":[{\"@type\":\"SearchAction\",\"target\":{\"@type\":\"EntryPoint\",\"urlTemplate\":\"https:\\\/\\\/rapport.acl.lu\\\/2024\\\/?s={search_term_string}\"},\"query-input\":{\"@type\":\"PropertyValueSpecification\",\"valueRequired\":true,\"valueName\":\"search_term_string\"}}],\"inLanguage\":\"en-US\"}]}<\/script>\n<!-- \/ Yoast SEO plugin. -->","yoast_head_json":{"title":"Faits marquants &amp; | chiffres cl\u00e9s - Rapport annuel 2024","robots":{"index":"index","follow":"follow","max-snippet":"max-snippet:-1","max-image-preview":"max-image-preview:large","max-video-preview":"max-video-preview:-1"},"canonical":"https:\/\/rapport.acl.lu\/2024\/faits-marquants-chiffres-cles\/","og_locale":"en_US","og_type":"article","og_title":"Faits marquants &amp; | chiffres cl\u00e9s - Rapport annuel 2024","og_description":"L\u2019ACL est partenaire d\u2019ARC Europe, r\u00e9seau d\u2019assistance routi\u00e8re constitu\u00e9 de plus de 40 grands clubs automobiles europ\u00e9ens et de la F\u00e9d\u00e9ration Internationale de l\u2019Automobile (FIA), qui s\u2019engage au niveau mondial dans les domaines sportifs, de la mobilit\u00e9, de la durabilit\u00e9 et de la s\u00e9curit\u00e9 routi\u00e8re.","og_url":"https:\/\/rapport.acl.lu\/2024\/faits-marquants-chiffres-cles\/","og_site_name":"Rapport annuel 2024","article_modified_time":"2025-06-17T09:59:18+00:00","og_image":[{"width":1920,"height":761,"url":"https:\/\/rapport.acl.lu\/2024\/wp-content\/uploads\/sites\/3\/2025\/06\/interventions.webp","type":"image\/webp"}],"twitter_card":"summary_large_image","schema":{"@context":"https:\/\/schema.org","@graph":[{"@type":"WebPage","@id":"https:\/\/rapport.acl.lu\/2024\/faits-marquants-chiffres-cles\/","url":"https:\/\/rapport.acl.lu\/2024\/faits-marquants-chiffres-cles\/","name":"Faits marquants &amp; | chiffres cl\u00e9s - Rapport annuel 2024","isPartOf":{"@id":"https:\/\/rapport.acl.lu\/2024\/#website"},"primaryImageOfPage":{"@id":"https:\/\/rapport.acl.lu\/2024\/faits-marquants-chiffres-cles\/#primaryimage"},"image":{"@id":"https:\/\/rapport.acl.lu\/2024\/faits-marquants-chiffres-cles\/#primaryimage"},"thumbnailUrl":"https:\/\/rapport.acl.lu\/2024\/wp-content\/uploads\/sites\/3\/2025\/06\/interventions.webp","datePublished":"2025-05-14T12:55:04+00:00","dateModified":"2025-06-17T09:59:18+00:00","breadcrumb":{"@id":"https:\/\/rapport.acl.lu\/2024\/faits-marquants-chiffres-cles\/#breadcrumb"},"inLanguage":"en-US","potentialAction":[{"@type":"ReadAction","target":["https:\/\/rapport.acl.lu\/2024\/faits-marquants-chiffres-cles\/"]}]},{"@type":"ImageObject","inLanguage":"en-US","@id":"https:\/\/rapport.acl.lu\/2024\/faits-marquants-chiffres-cles\/#primaryimage","url":"https:\/\/rapport.acl.lu\/2024\/wp-content\/uploads\/sites\/3\/2025\/06\/interventions.webp","contentUrl":"https:\/\/rapport.acl.lu\/2024\/wp-content\/uploads\/sites\/3\/2025\/06\/interventions.webp","width":1920,"height":761},{"@type":"BreadcrumbList","@id":"https:\/\/rapport.acl.lu\/2024\/faits-marquants-chiffres-cles\/#breadcrumb","itemListElement":[{"@type":"ListItem","position":1,"name":"Home","item":"https:\/\/rapport.acl.lu\/2024\/"},{"@type":"ListItem","position":2,"name":"Faits marquants &amp; | chiffres cl\u00e9s"}]},{"@type":"WebSite","@id":"https:\/\/rapport.acl.lu\/2024\/#website","url":"https:\/\/rapport.acl.lu\/2024\/","name":"Rapport annuel 2024","description":"","potentialAction":[{"@type":"SearchAction","target":{"@type":"EntryPoint","urlTemplate":"https:\/\/rapport.acl.lu\/2024\/?s={search_term_string}"},"query-input":{"@type":"PropertyValueSpecification","valueRequired":true,"valueName":"search_term_string"}}],"inLanguage":"en-US"}]}},"lang":false,"translations":[],"_links":{"self":[{"href":"https:\/\/rapport.acl.lu\/2024\/wp-json\/wp\/v2\/pages\/106","targetHints":{"allow":["GET"]}}],"collection":[{"href":"https:\/\/rapport.acl.lu\/2024\/wp-json\/wp\/v2\/pages"}],"about":[{"href":"https:\/\/rapport.acl.lu\/2024\/wp-json\/wp\/v2\/types\/page"}],"author":[{"embeddable":true,"href":"https:\/\/rapport.acl.lu\/2024\/wp-json\/wp\/v2\/users\/1"}],"replies":[{"embeddable":true,"href":"https:\/\/rapport.acl.lu\/2024\/wp-json\/wp\/v2\/comments?post=106"}],"version-history":[{"count":115,"href":"https:\/\/rapport.acl.lu\/2024\/wp-json\/wp\/v2\/pages\/106\/revisions"}],"predecessor-version":[{"id":873,"href":"https:\/\/rapport.acl.lu\/2024\/wp-json\/wp\/v2\/pages\/106\/revisions\/873"}],"wp:featuredmedia":[{"embeddable":true,"href":"https:\/\/rapport.acl.lu\/2024\/wp-json\/wp\/v2\/media\/778"}],"wp:attachment":[{"href":"https:\/\/rapport.acl.lu\/2024\/wp-json\/wp\/v2\/media?parent=106"}],"curies":[{"name":"wp","href":"https:\/\/api.w.org\/{rel}","templated":true}]}}